Evaluate (-3 - -1) + -3 + 0 + 1.
-4
Evaluate (-2 - (-1 - 0)) + 60 + -60.
-1
Evaluate -5 + 1 + 63 + -68.
-9
(4 - 15 - -5 - -4) + 0
-2
What is -3 + 5 + 2 + 0?
4
What is the value of -2 - (-15 + 1 + 21)?
-9
Calculate (4 - 3) + 9 - 5.
5
What is 18 + -27 - (-15 - 0)?
6
What is the value of -18 + 22 + 0 + -9?
-5
Calculate (11 - 5) + (4 + 0 - 6).
4
-3 - (-3 + 1 - -3)
-4
What is the value of 4 + -3 + -6 + 2 + 0?
-3
What is -31 - -36 - (4 + 0)?
1
What is 1 + 3 - ((-4 - 0) + 9)?
-1
-4 - (11 + -21 - -9)
-3
10 - 2 - 4 - 2
2
What is -4 + (0 - -7) + 2?
5
Evaluate (29 - 35) + 2 + 7 + 0.
3
2 - (-6 + 4 + 0)
4
What is the value of (-1 - -5) + (-37 - -16) + 10?
-7
(1 - 1 - (-4 + 2)) + -1
1
What is (8 - 5 - 4) + 5?
4
(-2 - (3 - 3)) + 5 - -4
7
Evaluate -5 - ((-3 - -1) + -1 + -1).
-1
(2 - 0) + -1 + (-2 - 0)
-1
What is the value of -1 + (2 - (8 - 5))?
-2
(-4 - -2) + (14 - (2 - -9))
1
What is 2 + (-11 - (-10 + 5 - -3))?
-7
What is -5 + 2 + 3 - 1?
-1
Calculate (-3 - (3 + -4)) + 4.
2
0 + 2 + (-4 + 0 - -4)
2
5 - (1 - -2) - (1 - -4)
-3
What is (-2 + -2 + -1 - -4) + -3?
-4
Calculate 1 + 7 + -5 + 0.
3
What is 6 + (-6 + -3 - -6)?
3
Evaluate -51 + 56 + (3 + -1 - 8).
-1
(3 - 3 - 2) + 7 + -1
4
What is (-3 - -8) + -5 - -3?
3
Calculate 6 + -10 - -8 - -6.
10
What is (-5 - 2) + (5 - 3) + -2?
-7
What is -8 + 2 - (-3 + 0 + -2)?
-1
Evaluate -9 + -1 + 1 - -2.
-7
Calculate (1 - -4) + 0 + (16 - 17).
4
Evaluate (4 - (16 + -11)) + 3.
2
Calculate -1 - -3 - (-1 + 3).
0
Evaluate -8 - -9 - (1 + 3 - -2).
-5
4 + -4 + -3 - -1
-2
4 - (1 + -7 + 4 + 0)
6
What is 1 + (-3 + -5 - -6)?
-1
What is -5 + 9 - (12 - (1 + 2))?
-5
-9 + -1 + 2 - -14
6
What is the value of (2 - 1 - 3 - -4) + -1?
1
Evaluate 0 - (4 + -3) - 0.
-1
What is the value of -6 - (-2 + 1 + -4 + 5)?
-6
Calculate 1 - (6 - 0) - (-122 + 119).
-2
What is the value of -5 - ((4 - 2) + -7)?
0
-6 + 10 + -3 - 1
0
Evaluate (-5 - -4) + 6 - 2.
3
What is 2 - (4 + (-4 - 1))?
3
Calculate 16 + -1 + 2 + -12 + 5.
10
What is 16 + -14 + (-4 - 0)?
-2
Evaluate -6 - (7 + -5 + (-1 - 4)).
-3
Evaluate -2 - 6 - (-7 - -11 - 7).
-5
-5 + -3 + (1 - 2 - -8)
-1
3 - (2 - (2 + -7))
-4
Evaluate -1 + 2 - (-2 + (2 - 4)).
5
Evaluate -1 + (0 - 0 - (-11 - -15)).
-5
Evaluate -3 + 5 + -1 + 0 + -4.
-3
What is 13 - (1 - -10 - 4)?
6
5 + -1 - (43 - 37)
-2
Evaluate (1 + -2 - -2 - 5) + 3.
-1
Evaluate -1 + -13 + 24 + -13.
-3
(2 - (-8 - -4)) + -6 + -7
-7
-2 - ((4 - 12) + 1)
5
Evaluate 1 - (0 + -8 + (6 - 1)).
4
What is the value of 9 - (5 + 1 - 3 - 0)?
6
What is the value of -2 + 19 + -18 + 5?
4
What is the value of (-2 - -1) + -6 + 4?
-3
What is the value of -6 - ((8 - 4) + -15)?
5
Calculate -2 + -1 + 3 + (0 - 7).
-7
What is the value of -12 + 5 + -2 + 3?
-6
What is the value of -8 + 2 + (12 - 11)?
-5
-2 + 8 + (-4 - -1)
3
Calculate -1 + 2 + (7 + -6 - -2).
4
What is the value of (6 - (8 - -1)) + -2?
-5
-1 + 3 + (3 - 3 - 8)
-6
What is the value of 7 - (0 + 3) - (-21 - -24)?
1
Evaluate -9 - (5 + -2 + -8).
-4
What is -1 - (4 + (-2 - 4))?
1
What is the value of (7 - (3 - (-6 - -1))) + 3?
2
8 - (6 - 12 - -9 - -8)
-3
Calculate 0 - (-4 - -8 - 1).
-3
2 - -5 - (-1 + 5)
3
Evaluate -1 + (-13 + 7 - 2) + 4.
-5
(7 - 2) + (-1 - -1)
5
1 + -3 - (-5 + -5 + 3)
5
What is 0 - 0 - (-1 + -2) - 2?
1
What is the value of 1 + -2 + 4 + 39 + -35?
7
What is -4 + 0 + -2 + 2 + 8?
4
What is -244 + 243 + (-9 - (0 + -1))?
-9
Evaluate -29 + 24 - (-3 + -1).
-1
What is (-1 - 0) + (-5 - -12)?
6
4 - (0 + -1) - (53 - 51)
3
Evaluate 4 + (-4 - 7) - -13.
6
What is (5 - -7 - 5) + (2 - 3)?
6
What is the value of 3 + -2 - (-11 + 10)?
2
What is the value of -12 + 5 + (0 - 1) - -3?
-5
Calculate 3 - (-5 - (-9 - (1 - 5))).
3
Evaluate -12 + 2 + (4 - 1) + 4.
-3
Calculate -1 + 8 + -5 - (0 + 0).
2
Evaluate 8 + -17 - (-12 + 0).
3
What is -4 + 6 + (-9 - (-1 + -2))?
-4
What is -2 - (5 - (14 + -2))?
5
Evaluate -6 + (-8 + (4 - 3) - -4).
-9
What is 4 - -6 - (14 + -12)?
8
What is 9 + (-12 - 0) + (1 - 2)?
-4
What is -1 - ((9 - 8) + -1)?
-1
What is the value of (-6 + 4 - -5) + 4 + -2?
5
Calculate 3 - (6 + -2) - -3.
2
23 + -14 - 12 - (6 + 1)
-10
Evaluate -5 + 1 + 3 + 2.
1
Calculate -4 - -3 - -7 - 4.
2
4 + -2 + 0 - 4 - 1
-3
(-1 + 1 - (-1 + -2)) + -5
-2
11 + -1 - (-1 + 8)
3
What is the value of -3 - (3 + 1 - 7)?
0
0 + 4 + -2 - (2 + -3)
3
Calculate 5 + 1 + 3 + -10.
-1
Evaluate (-1 - 0 - -5) + 0.
4
What is 3 - (10 + (-5 - 2))?
0
Calculate -1 - (1 - 7) - 4.
1
What is the value of 2 + 4 + (-6 - (3 - 4))?
1
Evaluate -11 + 15 - (-9 - -22).
-9
-3 - (0 + (-4 - -8) + -7)
0
Calculate 9 + -25 + 8 + 8.
0
What is the value of -7 + 1 + (2 - (5 - 11))?
2
What is the value of 0 - 8 - (57 + -61) - -6?
2
Calculate 3 - (4 + 6) - -3.
-4
What is -11 - (14 - (23 - -2))?
0
What is the value of -4 + 6 - ((3 - 3) + 2)?
0
What is 1 + (0 - -3) + 0?
4
What is (0 - 0) + (-60 - -69)?
9
What is the value of 5 - (8 + (-6 - 2))?
5
Calculate -51 + 48 + (-1 + 0 - 2).
-6
What is -9 - (-3 + 4 + -7)?
-3
4 - (3 - 0 - -2)
-1
What is 9 - (9 - (-5 + 10))?
5
Evaluate -10 - (0 - -1) - (-353 + 347).
-5
What is the value of -2 - 1 - (12 + -6 + -7)?
-2
What is the value of -2 + 0 + (-1 - 3) + 3?
-3
4 - 6 - ((-5 - 1) + 3)
1
What is the value of 3 - ((7 - 1) + -2)?
-1
What is (-7 - -2) + 15 - 9?
1
What is 2 + 7 - (-5 + 10 - 0)?
4
What is (7 - 10) + 2 + 2 + -1?
0
(-2 - -1) + 0 + (5 - 4)
0
What is the value of -5 - (4 - (-2 + 7))?
-4
What is the value of 14 + -6 + (-6 - -2)?
4
What is the value of 4 - 5 - 2 - 4?
-7
What is (-5 - -1) + 3 + 1 - -1?
1
Evaluate (-5 - (-1 - 8)) + -8.
-4
Calculate (-4 + -6 - 3) + 16.
3
What is the value of 13 + 7 + -23 + 9?
6
Calculate 1 - (-2 - (2 + (-5 - -7))).
7
What is the value of 1 + 0 - (-5 - (-2 + -1))?
3
What is -4 + -1 + -11 + 9 + 5?
-2
-2 - (-3 + 1) - (2 + -13)
11
What is -3 + 3 + -3 + -2?
-5
Evaluate 2 - ((10 - 5) + -3).
0
Evaluate 4 + (-1 - (12 - 2)) - -3.
-4
Evaluate (-13 - -9) + 7 + 0 + -5.
-2
6 - (-3 + (4 - 0))
5
What is the value of 1 + 4 + -10 + 10?
5
What is 30 - (45 + -25) - (4 - 0)?
6
3 + 5 - 3 - (3 - -1)
1
Evaluate -6 - (7 - 9 - -5) - -3.
-6
What is -13 + 15 + 3 - (1 - 3)?
7
What is the value of -3 - -9 - (7 - 4)?
3
Calculate -9 - (3 - 0 - 0 - 6).
-6
What is (0 + -4 - -3) + (2 - 2)?
-1
Calculate (5 - (-4 - -9)) + 5.
5
-5 + 0 + -6 + 10
-1
What is the value of 12 - (22 - 10) - (-1 + 4)?
-3
Evaluate (16 - 13 - (-4 + 2)) + -4.
1
(8 - (-11 - -22)) + 10
7
Calculate 2 + 0 + 3 - (5 + 1).
-1
Evaluate (1 - -3 - 0) + (-2 - 3).
-1
What is -35 - -48 - (11 + 1)?
1
What is the value of -6 + 2 - (2 - (-1 + 7))?
0
Evaluate -3 - (-15 - -4 - -3).
5
(0 - (0 + 3)) + (-3 - -1)
-5
Evaluate 0 - (5 - -1) - (-11 - -7).
-2
6 - 7 - (2 - 0 - -2)
-5
What is 5 - (6 + -1 - 0)?
0
What is the value of 1 + (3 - (2 - -6) - -3)?
-1
What is the value of (0 - -4 - 0 - 5) + 4?
3
Calculate -3 + 2 - (5 - (-1 - -5)).
-2
What is the value of -2 + 3 - -8 - (-149 + 149)?
9
(-5 - (0 - 3)) + -3 - -3
-2
What is 3 + (-4 - 0 - -1)?
0
Calculate (-8 - -2) + 3 + 0 + 5.
2
What is -1 + 1 + (-6 - -4)?
-2
Calculate -5 + (1 - (5 - 3)) + 0.
-6
What is 15 + -16 + (1 - -5)?
5
What is the value of -2 + (3 - 5 - (-3 - 3))?
2
What is the value of (-1 - (-3 + 3 + 2)) + -5?
-8
Evaluate (4 - -2) + 0 + (-17 - -9).
-2
What is the value of -11 - (-25 - (4 - 9))?
9
3 + -1 + (-8 - (-3 - 1))
-2
What is the value of -5 + 0 + (6 - (2 + 4))?
-5
Evaluate -7 + (-3 - 1 - -6).
-5
Evaluate 2 - (5 - 1) - 0.
-2
What is the value of (2 - 2 - 4) + -4 + 1?
-7
Calculate 5 + 3 + -3 - (3 - 1).
3
Calculate 13 - ((-3 - -10) + 1).
5
What is the value of 7 + (1 + 2 - 6)?
4
What is the value of -1 + (3 - (7 + -3)) + -2?
-4
What is 6 - (5 + (8 - 4) + -7)?
4
Evaluate (1 - -7) + (-1 - (7 - 4)).
4
What is the value of 2 - (9 - 1) - (27 + -24)?
-9
What is the value of -1 - -15 - 10 - (-1 + 1)?
4
What is -6 + (6 - 5) + 3?
-2
What is 2 + -3 + 4 + 0?
3
What is -2 - ((0 - -6) + -3)?
-5
What is -3 + (-6 - 0) - -6?
-3
What is 1 - -15 - 13 - (-2 - -2)?
3
What is 2 + (-2 - -2) + -3?
-1
-3 - (-1 - -2) - (-6 + 4)
-2
What is the value of (-1 + (2 - -4) - -1) + -2?
4
3 - ((5 - (7 + -5)) + -6)
6
What is the value of (0 - -15) + 0 - 7?
8
What is 0 - (-13 + (6 - 4))?
11
Evaluate 0 + -1 - (-6 + -14 - -15).
4
Evaluate (1 - (6 + -6)) + (2 - -2).
5
What is the value of (-5 - -3) + 5 + (0 - 1)?
2
What is -3 - -2 - 3 - (1 + -5)?
0
Evaluate 8 + (-2 - -3) - (-36 - -36).
9